ist the prime factors of 14972406.
2, 3, 1171, 2131
What are the prime factors of 1684786?
2, 842393
List the prime factors of 371638.
2, 185819
What are the prime factors of 553500?
2, 3, 5, 41
What are the prime factors of 3490857?
3, 71, 607
What are the prime factors of 33026?
2, 7, 337
What are the prime factors of 32912?
2, 11, 17
What are the prime factors of 3556804?
2, 491, 1811
List the prime factors of 3400182.
2, 3, 23, 43, 191
List the prime factors of 385188.
2, 3, 32099
List the prime factors of 4523484.
2, 3, 7, 157
What are the prime factors of 9649120?
2, 5, 13, 4639
What are the prime factors of 27795213?
3, 3088357
What are the prime factors of 7247172?
2, 3, 603931
List the prime factors of 1691828.
2, 479, 883
What are the prime factors of 790201?
790201
What are the prime factors of 4439088?
2, 3, 29, 1063
List the prime factors of 17285.
5, 3457
What are the prime factors of 27994712?
2, 3499339
List the prime factors of 214956.
2, 3, 7, 853
What are the prime factors of 252969?
3, 37, 43, 53
List the prime factors of 449184.
2, 3, 4679
List the prime factors of 34200.
2, 3, 5, 19
List the prime factors of 887524.
2, 11, 23, 877
List the prime factors of 1546904.
2, 19, 10177
List the prime factors of 298570.
2, 5, 73, 409
What are the prime factors of 408727?
11, 73, 509
List the prime factors of 33291479.
13, 196991
What are the prime factors of 6487?
13, 499
What are the prime factors of 14590775?
5, 583631
List the prime factors of 493530.
2, 3, 5, 16451
What are the prime factors of 159032?
2, 103, 193
List the prime factors of 14708366.
2, 17, 25447
What are the prime factors of 32182193?
37, 233, 3733
List the prime factors of 8794595.
5, 191, 9209
List the prime factors of 14450978.
2, 7225489
List the prime factors of 241032.
2, 3, 11, 83
What are the prime factors of 5348487?
3, 1782829
List the prime factors of 6260527.
7, 13, 89, 773
What are the prime factors of 125479?
179, 701
What are the prime factors of 13625431?
13625431
List the prime factors of 3946492.
2, 11, 257, 349
List the prime factors of 3463096.
2, 7, 13, 67, 71
List the prime factors of 12680917.
29, 437273
List the prime factors of 2068104.
2, 3, 86171
List the prime factors of 1781765.
5, 461, 773
List the prime factors of 11730406.
2, 37, 158519
What are the prime factors of 25040?
2, 5, 313
List the prime factors of 6827900.
2, 5, 68279
List the prime factors of 585822.
2, 3, 163, 599
What are the prime factors of 2094966?
2, 3, 116387
What are the prime factors of 310506?
2, 3, 7, 7393
List the prime factors of 3344129.
431, 7759
List the prime factors of 15627.
3, 5209
List the prime factors of 7044167.
13, 541859
List the prime factors of 22305485.
5, 461, 9677
What are the prime factors of 155788?
2, 17, 29, 79
What are the prime factors of 92406?
2, 3, 15401
What are the prime factors of 695387?
7, 11, 821
What are the prime factors of 493456?
2, 30841
List the prime factors of 3820629.
3, 1273543
List the prime factors of 758529.
3, 271, 311
What are the prime factors of 4876161?
3, 17, 23, 4157
List the prime factors of 207829.
37, 41, 137
List the prime factors of 3911531.
13, 193, 1559
List the prime factors of 299712.
2, 3, 7, 223
List the prime factors of 1082176.
2, 37, 457
List the prime factors of 3289662.
2, 3, 179, 1021
What are the prime factors of 1306698?
2, 3, 89, 2447
What are the prime factors of 672786?
2, 3, 4153
List the prime factors of 6426869.
6426869
What are the prime factors of 471996?
2, 3, 7, 1873
List the prime factors of 317323.
317323
What are the prime factors of 4083295?
5, 457, 1787
List the prime factors of 141879.
3, 47293
List the prime factors of 1202337.
3, 44531
What are the prime factors of 265483?
265483
What are the prime factors of 2975020?
2, 5, 19, 7829
What are the prime factors of 5797343?
151, 38393
List the prime factors of 1253680.
2, 5, 15671
List the prime factors of 164456.
2, 61, 337
What are the prime factors of 134669?
134669
What are the prime factors of 274310?
2, 5, 27431
What are the prime factors of 19646?
2, 11, 19, 47
What are the prime factors of 581668?
2, 145417
List the prime factors of 14155300.
2, 5, 353, 401
What are the prime factors of 268745?
5, 59, 911
What are the prime factors of 193116?
2, 3, 7, 11, 19
List the prime factors of 1100019.
3, 17, 21569
What are the prime factors of 12445315?
5, 89, 27967
List the prime factors of 39205080.
2, 3, 5, 31, 1171
List the prime factors of 946217.
71, 13327
List the prime factors of 436162.
2, 218081
What are the prime factors of 2714622?
2, 3, 61, 7417
What are the prime factors of 85082?
2, 19, 2239
What are the prime factors of 154123?
23, 6701
List the prime factors of 2253538.
2, 7, 160967
What are the prime factors of 32973280?
2, 5, 206083
List the prime factors of 3007470.
2, 3, 5, 17, 5897
List the prime factors of 725557.
7, 103651
List the prime factors of 20290734.
2, 3, 1127263
List the prime factors of 158133.
3, 52711
List the prime factors of 81916.
2, 20479
List the prime factors of 116310.
2, 3, 5, 3877
What are the prime factors of 966341?
67, 14423
What are the prime factors of 268272?
2, 3, 23
List the prime factors of 11919934.
2, 13, 23, 31, 643
List the prime factors of 255602.
2, 227, 563
What are the prime factors of 76335?
3, 5, 7, 727
What are the prime factors of 1802675?
5, 7, 10301
What are the prime factors of 16240333?
47, 233, 1483
List the prime factors of 1415589.
3, 7, 67409
What are the prime factors of 364585?
5, 13, 71, 79
List the prime factors of 490329.
3, 7, 43, 181
What are the prime factors of 2470089?
3, 67, 12289
List the prime factors of 16007583.
3, 349, 15289
What are the prime factors of 215664?
2, 3, 4493
List the prime factors of 302950.
2, 5, 73, 83
What are the prime factors of 82429?
31, 2659
List the prime factors of 30014.
2, 43, 349
List the prime factors of 598435.
5, 119687
List the prime factors of 228387.
3, 76129
List the prime factors of 9480587.
53, 113, 1583
List the prime factors of 5978662.
2, 17, 175843
List the prime factors of 1208530.
2, 5, 17, 7109
List the prime factors of 718818.
2, 3, 47, 2549
List the prime factors of 23197167.
3, 7, 43, 8563
What are the prime factors of 10718847?
3, 1190983
List the prime factors of 300248.
2, 13, 2887
What are the prime factors of 16993963?
7, 173, 14033
What are the prime factors of 40293?
3, 11, 37
List the prime factors of 348976.
2, 17, 1283
List the prime factors of 3686900.
2, 5, 7, 23, 229
What are the prime factors of 829972?
2, 11, 13, 1451
What are the prime factors of 1561664?
2, 13, 1877
What are the prime factors of 8198?
2, 4099
List the prime factors of 5995978.
2, 47, 227, 281
List the prime factors of 1103820.
2, 3, 5, 18397
What are the prime factors of 2040102?
2, 3, 17, 59, 113
List the prime factors of 1158344.
2, 11, 13163
What are the prime factors of 2191834?
2, 659, 1663
What are the prime factors of 914727?
3, 11, 53, 523
List the prime factors of 6038706.
2, 3, 17, 73, 811
List the prime factors of 1774831.
1009, 1759
What are the prime factors of 22073334?
2, 3, 41, 53, 1693
List the prime factors of 334568.
2, 13, 3217
List the prime factors of 44500.
2, 5, 89
What are the prime factors of 7917128?
2, 989641
List the prime factors of 17892395.
5, 19, 127, 1483
List the prime factors of 482049.
3, 19, 2819
List the prime factors of 256867.
13, 19759
List the prime factors of 1288790.
2, 5, 128879
What are the prime factors of 374033?
11, 37, 919
What are the prime factors of 3532977?
3, 7, 31, 67
What are the prime factors of 1436680?
2, 5, 7, 733
List the prime factors of 1334534.
2, 17, 39251
List the prime factors of 2583193.
71, 36383
List the prime factors of 96375.
3, 5, 257
List the prime factors of 182469.
3, 7, 8689
List the prime factors of 12461668.
2, 3115417
What are the prime factors of 4225?
5, 13
List the prime factors of 372155.
5, 7, 31
List the prime factors of 1586382.
2, 3, 7, 107, 353
What are the prime factors of 61051?
61051
List the prime factors of 804731.
163, 4937
What are the prime factors of 1863762?
2, 3, 310627
List the prime factors of 141286.
2, 41, 1723
What are the prime factors of 196866?
2, 3, 10937
List the prime factors of 559785